{"id":308,"date":"2015-06-25T10:45:30","date_gmt":"2015-06-25T10:45:30","guid":{"rendered":"http:\/\/www.isolbit.it\/?page_id=308"},"modified":"2021-02-07T19:23:17","modified_gmt":"2021-02-07T19:23:17","slug":"privacy-cookie-policy","status":"publish","type":"page","link":"https:\/\/isolbit.it\/web\/privacy-cookie-policy\/","title":{"rendered":"Privacy &#038; Cookie Policy"},"content":{"rendered":"<h2>Cookie Policy<\/h2>\n<p>Le seguenti informazioni sono finalizzate al rispetto della legislazione recente, e denotano la nostra onest\u00e0 e trasparenza in merito alla tua privacy quando ti servi del nostro sito internet.<\/p>\n<p><strong>\u00a0<\/strong><\/p>\n<p><strong>COOKIES una breve disamina:<\/strong><\/p>\n<ul>\n<li>Cosa sono<\/li>\n<li>A cosa servono<\/li>\n<li>Quali usiamo<\/li>\n<li>Come disattivarli<\/li>\n<\/ul>\n<p><strong>\u00a0<\/strong><\/p>\n<p><strong>COSA SONO<\/strong><\/p>\n<p>I cookies sono stringhe di testo, ovvero sequenze di caratteri (lettere, numeri o altri simboli), in formato .txt o .xml, conservate nel tuo &#8220;dispositivo&#8221; computer, tablet o telefono cellulare quando visiti determinate pagine su internet. I cookie vengono memorizzati, in base alle tue preferenze, dal browser utilizzato dal dispositivo da cui navighi. Nella maggior parte dei browser, i cookies sono abilitati.<\/p>\n<p><strong>\u00a0<\/strong><\/p>\n<p><strong>A COSA SERVONO<\/strong><\/p>\n<p>I cookies salvati sul tuo dispositivo da noi, dai nostri partner commerciali o da altri terzi quando visiti il presente sito web non ti riconoscono direttamente come persona fisica; riconoscono solamente il dispositivo che stai utilizzando. I cookies non danneggiano in alcun modo il tuo dispositivo, ma consentono di migliorare la tua permanenza sul sito. Per esempio, sono utili per identificare e risolvere errori, per ricordare le tue preferenze e personalizzare il contenuto del sito internet in modo che sia pi\u00f9 adatto a te, per facilitare l&#8217;autocomposizione dei moduli oppure per determinare prodotti correlati rilevanti da mostrarti durante la navigazione.<\/p>\n<p><strong>\u00a0<\/strong><\/p>\n<p><strong>QUALI USIAMO<\/strong><\/p>\n<p>I cookie che utilizza il nostro website si possono distinguere in diverse categorie che elenchiamo e spieghiamo di seguito:<\/p>\n<p><strong>\u00a0<\/strong><\/p>\n<p><strong>Cookies tecnici<\/strong><\/p>\n<p>I cookie di questo tipo sono necessari per il corretto funzionamento di alcune aree del sito. I cookie di questa categoria comprendono sia cookie persistenti che cookie di sessione. In assenza di tali cookie, il sito o alcune porzioni di esso potrebbero non funzionare correttamente. Pertanto, vengono sempre utilizzati, indipendentemente dalle preferenze dell&#8217;utente.<\/p>\n<p>&nbsp;<\/p>\n<p><strong>Cookies analitici<\/strong><\/p>\n<p>Sono assimilati ai cookies tecnici e raccolgono informazioni su come un visitatore usa il sito, quali ad esempio le pagine visitate. Questi cookies non raccolgono informazioni che possono identificare l&#8217;utente. Tutte le informazioni raccolte da questi cookies sono aggregate in forma anonima e sono utilizzate solo per migliorare la funzionalit\u00e0 del sito.<\/p>\n<p><strong>\u00a0<\/strong><\/p>\n<p><strong>Cookies funzionali<\/strong><\/p>\n<p>Sono cookies che consentono di ricordare le scelte che hai effettuato (come le diverse ricerche che hai fatto) e personalizzare i contenuti del sito ottimizzando in questo modo la tua esperienza di navigazione. Questi cookies non possono dirci come ti muovi all&#8217;interno di altri siti internet, ma solo nel presente sito internet.<\/p>\n<p><strong>\u00a0<\/strong><\/p>\n<p><strong>Cookies pubblicitari<\/strong><\/p>\n<p>Consentono di tracciare un profilo degli utenti raccogliendo informazioni sui loro gusti, per poi inviare contenuti pubblicitari personalizzati. Sono altres\u00ec utilizzati per ridurre il numero delle volte in cui visualizzi un certo messaggio pubblicitario ed aiuta a migliorare l&#8217;efficacia delle campagne. Questi cookies sono generalmente cookies di terzi (impostati cio\u00e8 da un sito diverso dal quello che stai visitando).<\/p>\n<p>&nbsp;<\/p>\n<p><a id=\"cookie\" name=\"cookie\"><\/a><strong>Cookies di terzi<\/strong><\/p>\n<p>Quando visiti il presente sito internet, alcuni cookies non sono posizionati da noi ma da terzi. Inoltre il nostro sito web permette di visualizzare contenuti ospitati su piattaforme esterne e di interagire con essi. Nel caso in cui sia installato un servizio di questo tipo, \u00e8 possibile che, anche nel caso gli Utenti non utilizzino il servizio, lo stesso raccolga dati di traffico relativi alle pagine in cui \u00e8 installato. Ti suggeriamo di consultare i siti internet di terzi indicati nell&#8217;elenco di seguito per avere maggiori informazioni sui cookies che loro posizionano e su come tu puoi gestirli. I soggetti terzi che possono posizionare cookies sul tuo dispositivo sono:<\/p>\n<p>&nbsp;<\/p>\n<ul>\n<li><strong>Google Analytics<\/strong>, \u00e8 un servizio di analisi web fornito da Google Inc. (&#8220;Google&#8221;). Google utilizza i Dati Personali raccolti allo scopo di tracciare ed esaminare l&#8217;utilizzo del nostro website, compilare report e condividerli con gli altri servizi sviluppati da Google.<br \/>\nGoogle potrebbe utilizzare i Dati Personali per contestualizzare e personalizzare gli annunci del proprio network pubblicitario.<br \/>\nDati personali raccolti: Cookie e Dati di utilizzo.<br \/>\nMaggiori informazioni: <a href=\"http:\/\/www.google.com\/intl\/it\/policies\/privacy\/\" target=\"_blank\" rel=\"noopener\">Privacy Policy<\/a> &#8211; <a href=\"http:\/\/tools.google.com\/dlpage\/gaoptout?hl=it\" target=\"_blank\" rel=\"noopener\">Opt Out<\/a><\/li>\n<li><strong>Widget Video Youtube<\/strong>, \u00e8 un servizio di visualizzazione di contenuti video gestito da Google Inc. che permette al nostro sito web di integrare tali contenuti all&#8217;interno delle proprie pagine.<br \/>\nDati personali raccolti: Cookie e Dati di utilizzo.<br \/>\nMaggiori informazioni: <a href=\"http:\/\/www.google.it\/intl\/it\/policies\/privacy\/\" target=\"_blank\" rel=\"noopener\">Privacy Policy<\/a><\/li>\n<li><strong>Widget Google Maps<\/strong>, \u00e8 un servizio di visualizzazione di mappe gestito da Google Inc. che permette al nostro sito web di integrare tali contenuti all&#8217;interno delle proprie pagine.<br \/>\nDati personali raccolti: Cookie e Dati di utilizzo.<br \/>\nMaggiori informazioni: <a href=\"http:\/\/www.google.it\/intl\/it\/policies\/privacy\/\" target=\"_blank\" rel=\"noopener\">Privacy Policy<\/a><\/li>\n<li><strong>Google Fonts<\/strong>, \u00e8 un servizio di visualizzazione di font (caratteri tipografici) gestito da Google Inc. che permette al nostro sito web di integrare tali contenuti all&#8217;interno delle proprie pagine.<br \/>\nDati personali raccolti: Cookie e Dati di utilizzo.<br \/>\nMaggiori informazioni: <a href=\"http:\/\/www.google.it\/intl\/en\/policies\/privacy\/\" target=\"_blank\" rel=\"noopener\">Privacy Policy<\/a><\/li>\n<\/ul>\n<p>Di seguito inoltre elenchiamo i soggetti i cui servizi permettono di effettuare interazioni con i relativi social network. Le interazioni e le informazioni acquisite dal nostro sito web sono in ogni caso soggette alle impostazioni privacy dell&#8217;Utente relative ad ogni social network. Nel caso in cui sia installato un servizio di interazione con i social network, \u00e8 possibile che, anche nel caso gli Utenti non utilizzino il servizio, lo stesso raccolga dati di traffico relativi alle pagine in cui \u00e8 installato.<\/p>\n<ul>\n<li><strong>Pulsante Tweet e widget sociali di Twitter (Twitter, Inc.)<br \/>\n<\/strong>Il pulsante Tweet e i widget sociali di Twitter sono servizi di interazione con il social network Twitter, forniti da Twitter, Inc.<br \/>\nDati personali raccolti: Cookie e Dati di utilizzo.<br \/>\nMaggiori informazioni: <a href=\"http:\/\/twitter.com\/privacy\" target=\"_blank\" rel=\"noopener\">Privacy Policy<\/a><\/li>\n<li><strong>Pulsante +1 e widget sociali di Google+ (Google Inc.)<br \/>\n<\/strong>Il pulsante +1 e i widget sociali di Google+ sono servizi di interazione con il social network Google+, forniti da Google Inc.<br \/>\nDati personali raccolti: Cookie e Dati di utilizzo.<br \/>\nMaggiori informazioni: <a href=\"http:\/\/www.google.com\/intl\/it\/policies\/privacy\/\" target=\"_blank\" rel=\"noopener\">Privacy Policy<\/a><\/li>\n<li><strong>Pulsante Mi Piace e widget sociali di Facebook (Facebook, Inc.)<br \/>\n<\/strong>Il pulsante &#8220;Mi Piace&#8221; e i widget sociali di Facebook sono servizi di interazione con il social network Facebook, forniti da Facebook, Inc.<br \/>\nDati personali raccolti: Cookie e Dati di utilizzo.<br \/>\nMaggiori informazioni: <a href=\"http:\/\/www.facebook.com\/privacy\/explanation.php\" target=\"_blank\" rel=\"noopener\">Privacy Policy<\/a><\/li>\n<li><strong>Pulsante &#8220;Pin it&#8221; e widget sociali di Pinterest (Pinterest)<br \/>\n<\/strong>Il pulsante &#8220;Pin it&#8221; e widget sociali di Pinterest sono servizi di interazione con la piattaforma Pinterest, forniti da Pinterest Inc.<br \/>\nDati personali raccolti: Cookie e Dati di utilizzo.<br \/>\nMaggiori informazioni: <a href=\"http:\/\/about.pinterest.com\/privacy\/\" target=\"_blank\" rel=\"noopener\">Privacy Policy<\/a><\/li>\n<\/ul>\n<p>&nbsp;<\/p>\n<p><strong>COSA SUCCEDE SE NON ACCETTI I COOKIES<\/strong><\/p>\n<p>La maggior parte dei browser accettano i cookies automaticamente. Ti consigliamo di non disabilitare questa funzione, dal momento che ci\u00f2 potrebbe impedirti di muoverti liberamente da una pagina all&#8217;altra e di fruire di tutte le funzionalit\u00e0 offerte dal sito (composizione automatica del modulo, memorizzazione nome utente e password sul box di login del sito, ecc.). Puoi comunque decidere di non consentire l&#8217;impostazione dei cookies sul tuo dispositivo.<\/p>\n<p><strong>\u00a0<\/strong><\/p>\n<p><strong>COME DISATTIVARE I COOKIES<\/strong><\/p>\n<p>Puoi disattivare i cookies dal tuo dispositivo in maniera molto semplice accedendo direttamente alle impostazioni del tuo browser. Per dettagli su come modificare tali impostazioni clicca sul nome del browser che stai utilizzando:<\/p>\n<ul>\n<li><a href=\"https:\/\/support.mozilla.org\/it\/kb\/Gestione%20dei%20cookie\" target=\"_blank\" rel=\"noopener\">Firefox<\/a><\/li>\n<li><a href=\"http:\/\/windows.microsoft.com\/it-it\/internet-explorer\/delete-manage-cookies#ie=ie-11\" target=\"_blank\" rel=\"noopener\">Internet Explorer<\/a><\/li>\n<li><a href=\"https:\/\/support.google.com\/chrome\/answer\/95647?hl=it\" target=\"_new\" rel=\"noopener\">Google Chrome<\/a><\/li>\n<li><a href=\"https:\/\/support.apple.com\/it-it\/HT201265\">Safari<\/a><\/li>\n<\/ul>\n<p>&nbsp;<\/p>\n<h2>Privacy Policy<\/h2>\n<p><strong>Informativa ai sensi dell\u2019art. 13 del D.Lgs., n. 196\/2003, anche applicativa della normativa comunitaria in vigore, nonch\u00e9 del Reg.UE 27.04.2016, n. 679 (G.U.U.E. 04.05.2016, n. L 119 ), efficace dal 25.05.2018.<\/strong><\/p>\n<p>&nbsp;<\/p>\n<p>Gentile Utente,<\/p>\n<p>ai sensi dell\u2019art. 13 del D.Lgs. n. 196\/2003, recante disposizioni sul nuovo \u201cCodice in materia di protezione dei dati personali\u201d, nonch\u00e9 ai sensi del Reg.UE 27.04.2016, n. 679, efficace dal 25.05.2018, <strong>Isolbit<\/strong> informa che i dati da Lei forniti formeranno oggetto di trattamento nel rispetto della normativa sopra richiamata e degli obblighi di riservatezza.<\/p>\n<p>&nbsp;<\/p>\n<p>Titolare e Responsabile del trattamento \u00e8 <strong>Isolbit srl<\/strong> C.F. 01441690698 e P.IVA 01249050681, con sede in Via Pignatelli, 2 \u2013 Cepagatti (PE) mediante i suoi rappresentanti e dipendenti.<\/p>\n<p>&nbsp;<\/p>\n<p>I dati verranno trattati per le finalit\u00e0 strettamente connesse e strumentali al servizio reso mediante il website <strong>isolbit.it<\/strong> ed il consenso al trattamento sar\u00e0 obbligatorio esclusivamente per tali finalit\u00e0 ovvero per la comunicazione alle Autorit\u00e0 competenti ove necessario e\/o indispensabile.<\/p>\n<p>Per ogni ulteriore finalit\u00e0, il consenso sar\u00e0 facoltativo.<\/p>\n<p>Nel caso in cui non venga prestato il consenso per il trattamento dei dati obbligatorio,<strong>Isolbit<\/strong> non potr\u00e0 fornire il servizio, declinando ogni responsabilit\u00e0 in merito.<\/p>\n<p>&nbsp;<\/p>\n<p>Fra i Dati Personali raccolti tramite website, in modo autonomo o tramite terze parti, ci sono: numero di telefono, email, Cookie, Dati di utilizzo, nome, cognome, Codice Fiscale, ragione sociale, Partita IVA, indirizzo, password, nazione, provincia e CAP, e simili.<\/p>\n<p>Altri Dati Personali raccolti potrebbero essere indicati in altre sezioni del sito mediante testi informativi visualizzati contestualmente alla raccolta dei Dati stessi.<\/p>\n<p>&nbsp;<\/p>\n<p>Il trattamento dei dati avverr\u00e0 mediante strumenti idonei a garantire la sicurezza e la riservatezza, adottando le opportune misure volte ad impedire l\u2019accesso, la divulgazione, la modifica o la distruzione non autorizzate dei Dati Personali.<\/p>\n<p>Il trattamento viene effettuato mediante strumenti informatici e\/o telematici, con modalit\u00e0 organizzative e con logiche strettamente correlate alle finalit\u00e0 indicate.<\/p>\n<p>&nbsp;<\/p>\n<p>Oltre al Titolare, in alcuni casi, potrebbero avere accesso ai Dati categorie di incaricati coinvolti nell\u2019organizzazione del sito (personale amministrativo, commerciale, marketing, legali, amministratori di sistema) ovvero soggetti esterni (come fornitori di servizi tecnici terzi, corrieri postali, hosting provider, societ\u00e0 informatiche, agenzie di comunicazione, fornitori di servizi legali) nominati anche, se necessario, Responsabili del Trattamento da parte del Titolare. L\u2019elenco aggiornato dei Responsabili potr\u00e0 sempre essere richiesto al Titolare del Trattamento.<\/p>\n<p>&nbsp;<\/p>\n<p>I Dati sono trattati presso le sedi operative del Titolare ed in ogni altro luogo in cui le parti coinvolte nel trattamento siano localizzate, per il tempo necessario allo svolgimento del servizio richiesto dall\u2019Utente, o richiesto dalle finalit\u00e0 descritte in questo documento, e l\u2019Utente pu\u00f2 sempre chiedere l\u2019interruzione del Trattamento o la cancellazione dei Dati.<\/p>\n<p>In relazione ai predetti trattamenti Lei potr\u00e0 esercitare i diritti di cui all\u2019art. 7 del decreto legislativo citato, in particolare potr\u00e0 ottenere, a cura del Titolare o del Responsabile della banca dati senza ritardo:<\/p>\n<p>\u2013\u00a0\u00a0 la cancellazione, la trasformazione in forma anonima o il blocco dei dati trattati in violazione di legge;<\/p>\n<p>\u2013\u00a0\u00a0 l\u2019aggiornamento, la rettifica ovvero, qualora vi abbia interesse, l\u2019integrazione dei dati;<\/p>\n<p>\u2013\u00a0\u00a0 di opporsi, in tutto o in parte, per motivi legittimi, al trattamento dei dati personali che la riguardano, ancorch\u00e9 pertinenti allo scopo della raccolta;<\/p>\n<p>\u2013\u00a0\u00a0 di opporsi, in tutto o in parte, al trattamento dei dati personali che la riguardano, previsto ai fini di informazione commerciale o di invio di materiale pubblicitario o di vendita diretta ovvero per il compimento di ricerche di mercato o di comunicazione commerciale interattiva e di essere informato dal titolare, non oltre il momento in cui i dati sono comunicati o diffusi, della possibilit\u00e0 di esercitare gratuitamente tale diritto.<\/p>\n<p>&nbsp;<\/p>\n<p>Di seguito, per estrema chiarezza e trasparenza, si riportano i testi dell\u2019art. 7 e dell\u2019art. 13 del D.Lgs. citato, aggiornati al 14 aprile 2017.<\/p>\n<p><strong>Articolo 7<\/strong><\/p>\n<p>Diritto di accesso ai dati personali ed altri diritti<\/p>\n<ol>\n<li>L\u2019interessato ha diritto di ottenere la conferma dell\u2019esistenza o meno di dati personali che lo riguardano, anche se non ancora registrati, e la loro comunicazione in forma intelligibile.<\/li>\n<li>L\u2019interessato ha diritto di ottenere l\u2019indicazione:<\/li>\n<li>a) dell\u2019origine dei dati personali;<\/li>\n<\/ol>\n<p>b). delle finalit\u00e0 e modalit\u00e0 del trattamento;<\/p>\n<ol>\n<li>c) della logica applicata in caso di trattamento effettuato con l\u2019ausilio di strumenti elettronici;<\/li>\n<li>d) degli estremi identificativi del titolare, dei responsabili e del rappresentante designato ai sensi dell\u2019articolo 5, comma 2;<\/li>\n<li>e) dei soggetti o delle categorie di soggetti ai quali i dati personali possono essere comunicati o che possono venirne a conoscenza in qualit\u00e0 di rappresentante designato nel territorio dello Stato, di responsabili o incaricati.<\/li>\n<li>L\u2019interessato ha diritto di ottenere:<\/li>\n<li>a) l\u2019aggiornamento la rettificazione ovvero, quando vi ha interesse, l\u2019integrazione dei dati;<\/li>\n<li>b) la cancellazione, la trasformazione in forma anonima o il blocco dei dati trattati in violazione di legge, compresi quelli di cui non \u00e8 necessaria la conservazione in relazione agli scopi per i quali i dati sono stati raccolti o successivamente trattati;<\/li>\n<li>c) l\u2019attestazione che le operazioni di cui alle lettere a) e b) sono state portate a conoscenza, anche per quanto riguarda il loro contenuto, di coloro ai quali i dati sono stati comunicati o diffusi, eccettuato il caso in cui tale adempimento si rivela impossibile o comporta un impiego di mezzi manifestamente sproporzionato rispetto al diritto tutelato.<\/li>\n<li>L\u2019interessato ha diritto di opporsi, in tutto o in parte:<\/li>\n<li>a) per motivi legittimi al trattamento dei dati personali che lo riguardano, ancorch\u00e9 pertinenti allo scopo della raccolta;<\/li>\n<li>b) al trattamento di dati personali che lo riguardano a fini di invio di materiale pubblicitario o di vendita diretta o per il compimento di ricerche di mercato o di comunicazione commerciale.<\/li>\n<\/ol>\n<p>&nbsp;<\/p>\n<p><strong>Articolo 13<\/strong><\/p>\n<p>Informativa<\/p>\n<ol>\n<li>L\u2019interessato o la persona presso la quale sono raccolti i dati personali sono previamente informati oralmente o per iscritto circa:<\/li>\n<li>a) le finalit\u00e0 e le modalit\u00e0 del trattamento cui sono destinati i dati;<\/li>\n<li>b) la natura obbligatoria o facoltativa del conferimento dei dati;<\/li>\n<li>c) le conseguenze di un eventuale rifiuto di rispondere;<\/li>\n<li>d) i soggetti o le categorie di soggetti ai quali i dati personali possono essere comunicati o che possono venirne a conoscenza in qualit\u00e0 di responsabili o incaricati, e l\u2019ambito di diffusione dei dati medesimi;<\/li>\n<li>e) i diritti di cui all\u2019articolo 7;<\/li>\n<li>f) gli estremi identificativi del titolare e, se designati, del rappresentante nel territorio dello Stato ai sensi dell\u2019articolo 5 e del responsabile. Quando il titolare ha designato pi\u00f9 responsabili \u00e8 indicato almeno uno di essi, indicando il sito della rete di comunicazione o le modalit\u00e0 attraverso le quali \u00e8 conoscibile in modo agevole l\u2019elenco aggiornato dei responsabili. Quando \u00e8 stato designato un responsabile per il riscontro all\u2019interessato in caso di esercizio dei diritti di cui all\u2019articolo 7, \u00e8 indicato tale responsabile.<\/li>\n<li>L\u2019informativa di cui al comma 1 contiene anche gli elementi previsti da specifiche disposizioni del presente codice e pu\u00f2 non comprendere gli elementi gi\u00e0 noti alla persona che fornisce i dati o la cui conoscenza pu\u00f2 ostacolare in concreto l\u2019espletamento, da parte di un soggetto pubblico, di funzioni ispettive o di controllo svolte per finalit\u00e0 di difesa o sicurezza dello Stato oppure di prevenzione, accertamento o repressione di reati.<\/li>\n<li>Il Garante pu\u00f2 individuare con proprio provvedimento modalit\u00e0 semplificate per l\u2019informativa fornita in particolare da servizi telefonici di assistenza e informazione al pubblico.<\/li>\n<li>Se i dati personali non sono raccolti presso l\u2019interessato, l\u2019informativa di cui al comma 1, comprensiva delle categorie di dati trattati, \u00e8 data al medesimo interessato all\u2019atto della registrazione dei dati o, quando \u00e8 prevista la loro comunicazione, non oltre la prima comunicazione.<\/li>\n<li>La disposizione di cui al comma 4 non si applica quando:<\/li>\n<li>a) i dati sono trattati in base ad un obbligo previsto dalla legge, da un regolamento o dalla normativa comunitaria;<\/li>\n<li>b) i dati sono trattati ai fini dello svolgimento delle investigazioni difensive di cui alla legge 7 dicembre 2000, n. 397, o, comunque, per far valere o difendere un diritto in sede giudiziaria, sempre che i dati siano trattati esclusivamente per tali finalit\u00e0 e per il periodo strettamente necessario al loro perseguimento;<\/li>\n<li>c) l\u2019informativa all\u2019interessato comporta un impiego di mezzi che il Garante, prescrivendo eventuali misure appropriate, dichiari manifestamente sproporzionati rispetto al diritto tutelato, ovvero si riveli, a giudizio del Garante, impossibile.<\/li>\n<\/ol>\n<p>5-bis. L\u2019informativa di cui al comma 1 non \u00e8 dovuta in caso di ricezione di curricula spontaneamente trasmessi dagli interessati ai fini dell\u2019eventuale instaurazione di un rapporto di lavoro. Al momento del primo contatto successivo all\u2019invio del curriculum, il titolare \u00e8 tenuto a fornire all\u2019interessato, anche oralmente, una informativa breve contenente almeno gli elementi di cui al comma 1, lettere a), d) ed f).<\/p>\n","protected":false},"excerpt":{"rendered":"<p>Cookie Policy Le seguenti informazioni sono finalizzate al rispetto della legislazione recente, e denotano la nostra onest\u00e0 e trasparenza in merito alla tua privacy quando ti servi del nostro sito internet. \u00a0 COOKIES una breve disamina: Cosa sono A cosa servono Quali usiamo Come disattivarli \u00a0 COSA SONO I cookies sono stringhe di testo, ovvero [&hellip;]<\/p>\n","protected":false},"author":1,"featured_media":0,"parent":0,"menu_order":0,"comment_status":"closed","ping_status":"open","template":"","meta":{"footnotes":""},"_links":{"self":[{"href":"https:\/\/isolbit.it\/web\/wp-json\/wp\/v2\/pages\/308"}],"collection":[{"href":"https:\/\/isolbit.it\/web\/wp-json\/wp\/v2\/pages"}],"about":[{"href":"https:\/\/isolbit.it\/web\/wp-json\/wp\/v2\/types\/page"}],"author":[{"embeddable":true,"href":"https:\/\/isolbit.it\/web\/wp-json\/wp\/v2\/users\/1"}],"replies":[{"embeddable":true,"href":"https:\/\/isolbit.it\/web\/wp-json\/wp\/v2\/comments?post=308"}],"version-history":[{"count":5,"href":"https:\/\/isolbit.it\/web\/wp-json\/wp\/v2\/pages\/308\/revisions"}],"predecessor-version":[{"id":950,"href":"https:\/\/isolbit.it\/web\/wp-json\/wp\/v2\/pages\/308\/revisions\/950"}],"wp:attachment":[{"href":"https:\/\/isolbit.it\/web\/wp-json\/wp\/v2\/media?parent=308"}],"curies":[{"name":"wp","href":"https:\/\/api.w.org\/{rel}","templated":true}]}}